{"id":214,"date":"2023-06-02T12:25:21","date_gmt":"2023-06-02T12:25:21","guid":{"rendered":"https:\/\/arhiva.danceweekfestival.com\/stari\/?page_id=214"},"modified":"2024-06-10T10:40:56","modified_gmt":"2024-06-10T10:40:56","slug":"o-festivalu","status":"publish","type":"page","link":"https:\/\/arhiva.danceweekfestival.com\/stari\/o-festivalu\/","title":{"rendered":"O Festivalu"},"content":{"rendered":"\t\t<div data-elementor-type=\"wp-page\" data-elementor-id=\"214\" class=\"elementor elementor-214\">\n\t\t\t\t\t\t<section class=\"elementor-section elementor-top-section elementor-element elementor-element-053976a elementor-section-height-min-height elementor-section-content-middle elementor-section-boxed elementor-section-height-default elementor-section-items-middle\" data-id=\"053976a\" data-element_type=\"section\" data-settings=\"{&quot;background_background&quot;:&quot;classic&quot;}\">\n\t\t\t\t\t\t<div class=\"elementor-container elementor-column-gap-default\">\n\t\t\t\t\t<div class=\"elementor-column elementor-col-100 elementor-top-column elementor-element elementor-element-b1db69c\" data-id=\"b1db69c\" data-element_type=\"column\" data-settings=\"{&quot;background_background&quot;:&quot;classic&quot;}\">\n\t\t\t<div class=\"elementor-widget-wrap\">\n\t\t\t\t\t<div class=\"elementor-background-overlay\"><\/div>\n\t\t\t\t\t\t\t<\/div>\n\t\t<\/div>\n\t\t\t\t\t<\/div>\n\t\t<\/section>\n\t\t\t\t<section class=\"elementor-section elementor-top-section elementor-element elementor-element-1b4c73c elementor-section-boxed elementor-section-height-default elementor-section-height-default\" data-id=\"1b4c73c\" data-element_type=\"section\">\n\t\t\t\t\t\t<div class=\"elementor-container elementor-column-gap-default\">\n\t\t\t\t\t<div class=\"elementor-column elementor-col-50 elementor-top-column elementor-element elementor-element-ac7a20e\" data-id=\"ac7a20e\" data-element_type=\"column\" data-settings=\"{&quot;background_background&quot;:&quot;classic&quot;}\">\n\t\t\t<div class=\"elementor-widget-wrap elementor-element-populated\">\n\t\t\t\t\t<div class=\"elementor-background-overlay\"><\/div>\n\t\t\t\t\t\t<div class=\"elementor-element elementor-element-f45f14a elementor-widget elementor-widget-heading\" data-id=\"f45f14a\" data-element_type=\"widget\" data-widget_type=\"heading.default\">\n\t\t\t\t<div class=\"elementor-widget-container\">\n\t\t\t<style>\/*! elementor - v3.21.0 - 26-05-2024 *\/\n.elementor-heading-title{padding:0;margin:0;line-height:1}.elementor-widget-heading .elementor-heading-title[class*=elementor-size-]>a{color:inherit;font-size:inherit;line-height:inherit}.elementor-widget-heading .elementor-heading-title.elementor-size-small{font-size:15px}.elementor-widget-heading .elementor-heading-title.elementor-size-medium{font-size:19px}.elementor-widget-heading .elementor-heading-title.elementor-size-large{font-size:29px}.elementor-widget-heading .elementor-heading-title.elementor-size-xl{font-size:39px}.elementor-widget-heading .elementor-heading-title.elementor-size-xxl{font-size:59px}<\/style><h2 class=\"elementor-heading-title elementor-size-default\">O Festivalu<\/h2>\t\t<\/div>\n\t\t\t\t<\/div>\n\t\t\t\t<div class=\"elementor-element elementor-element-036892c elementor-widget elementor-widget-spacer\" data-id=\"036892c\" data-element_type=\"widget\" data-widget_type=\"spacer.default\">\n\t\t\t\t<div class=\"elementor-widget-container\">\n\t\t\t<style>\/*! elementor - v3.21.0 - 26-05-2024 *\/\n.elementor-column .elementor-spacer-inner{height:var(--spacer-size)}.e-con{--container-widget-width:100%}.e-con-inner>.elementor-widget-spacer,.e-con>.elementor-widget-spacer{width:var(--container-widget-width,var(--spacer-size));--align-self:var(--container-widget-align-self,initial);--flex-shrink:0}.e-con-inner>.elementor-widget-spacer>.elementor-widget-container,.e-con>.elementor-widget-spacer>.elementor-widget-container{height:100%;width:100%}.e-con-inner>.elementor-widget-spacer>.elementor-widget-container>.elementor-spacer,.e-con>.elementor-widget-spacer>.elementor-widget-container>.elementor-spacer{height:100%}.e-con-inner>.elementor-widget-spacer>.elementor-widget-container>.elementor-spacer>.elementor-spacer-inner,.e-con>.elementor-widget-spacer>.elementor-widget-container>.elementor-spacer>.elementor-spacer-inner{height:var(--container-widget-height,var(--spacer-size))}.e-con-inner>.elementor-widget-spacer.elementor-widget-empty,.e-con>.elementor-widget-spacer.elementor-widget-empty{position:relative;min-height:22px;min-width:22px}.e-con-inner>.elementor-widget-spacer.elementor-widget-empty .elementor-widget-empty-icon,.e-con>.elementor-widget-spacer.elementor-widget-empty .elementor-widget-empty-icon{position:absolute;top:0;bottom:0;left:0;right:0;margin:auto;padding:0;width:22px;height:22px}<\/style>\t\t<div class=\"elementor-spacer\">\n\t\t\t<div class=\"elementor-spacer-inner\"><\/div>\n\t\t<\/div>\n\t\t\t\t<\/div>\n\t\t\t\t<\/div>\n\t\t\t\t\t<\/div>\n\t\t<\/div>\n\t\t\t\t<div class=\"elementor-column elementor-col-50 elementor-top-column elementor-element elementor-element-8b4403c\" data-id=\"8b4403c\" data-element_type=\"column\">\n\t\t\t<div class=\"elementor-widget-wrap elementor-element-populated\">\n\t\t\t\t\t\t<div class=\"elementor-element elementor-element-7157e47 elementor-widget elementor-widget-heading\" data-id=\"7157e47\" data-element_type=\"widget\" data-widget_type=\"heading.default\">\n\t\t\t\t<div class=\"elementor-widget-container\">\n\t\t\t<p class=\"elementor-heading-title elementor-size-default\">Photo: DarjaStravsTisu<\/p>\t\t<\/div>\n\t\t\t\t<\/div>\n\t\t\t\t\t<\/div>\n\t\t<\/div>\n\t\t\t\t\t<\/div>\n\t\t<\/section>\n\t\t\t\t<section class=\"elementor-section elementor-top-section elementor-element elementor-element-bd1844d elementor-section-boxed elementor-section-height-default elementor-section-height-default\" data-id=\"bd1844d\" data-element_type=\"section\">\n\t\t\t\t\t\t<div class=\"elementor-container elementor-column-gap-default\">\n\t\t\t\t\t<div class=\"elementor-column elementor-col-100 elementor-top-column elementor-element elementor-element-a339aa4\" data-id=\"a339aa4\" data-element_type=\"column\">\n\t\t\t<div class=\"elementor-widget-wrap elementor-element-populated\">\n\t\t\t\t\t\t<div class=\"elementor-element elementor-element-6062b54 elementor-widget elementor-widget-spacer\" data-id=\"6062b54\" data-element_type=\"widget\" data-widget_type=\"spacer.default\">\n\t\t\t\t<div class=\"elementor-widget-container\">\n\t\t\t\t\t<div class=\"elementor-spacer\">\n\t\t\t<div class=\"elementor-spacer-inner\"><\/div>\n\t\t<\/div>\n\t\t\t\t<\/div>\n\t\t\t\t<\/div>\n\t\t\t\t\t<\/div>\n\t\t<\/div>\n\t\t\t\t\t<\/div>\n\t\t<\/section>\n\t\t\t\t<section class=\"elementor-section elementor-top-section elementor-element elementor-element-fbbc9d0 elementor-section-boxed elementor-section-height-default elementor-section-height-default\" data-id=\"fbbc9d0\" data-element_type=\"section\">\n\t\t\t\t\t\t<div class=\"elementor-container elementor-column-gap-default\">\n\t\t\t\t\t<div class=\"elementor-column elementor-col-33 elementor-top-column elementor-element elementor-element-a702fe0\" data-id=\"a702fe0\" data-element_type=\"column\">\n\t\t\t<div class=\"elementor-widget-wrap\">\n\t\t\t\t\t\t\t<\/div>\n\t\t<\/div>\n\t\t\t\t<div class=\"elementor-column elementor-col-33 elementor-top-column elementor-element elementor-element-cd21def\" data-id=\"cd21def\" data-element_type=\"column\">\n\t\t\t<div class=\"elementor-widget-wrap elementor-element-populated\">\n\t\t\t\t\t\t<div class=\"elementor-element elementor-element-b532a52 elementor-widget__width-initial elementor-widget elementor-widget-text-editor\" data-id=\"b532a52\" data-element_type=\"widget\" data-widget_type=\"text-editor.default\">\n\t\t\t\t<div class=\"elementor-widget-container\">\n\t\t\t<style>\/*! elementor - v3.21.0 - 26-05-2024 *\/\n.elementor-widget-text-editor.elementor-drop-cap-view-stacked .elementor-drop-cap{background-color:#69727d;color:#fff}.elementor-widget-text-editor.elementor-drop-cap-view-framed .elementor-drop-cap{color:#69727d;border:3px solid;background-color:transparent}.elementor-widget-text-editor:not(.elementor-drop-cap-view-default) .elementor-drop-cap{margin-top:8px}.elementor-widget-text-editor:not(.elementor-drop-cap-view-default) .elementor-drop-cap-letter{width:1em;height:1em}.elementor-widget-text-editor .elementor-drop-cap{float:left;text-align:center;line-height:1;font-size:50px}.elementor-widget-text-editor .elementor-drop-cap-letter{display:inline-block}<\/style>\t\t\t\t<p><a href=\"https:\/\/www.tjedansuvremenogplesa.com\/\"><span style=\"font-weight: 400;\">Tjedan suvremenog plesa<\/span><\/a><span style=\"font-weight: 400;\">\u00a0 (TSP) me\u0111unarodni je festival suvremenog plesa i pokreta s jednom od najduljih tradicija u Europi i u Hrvatskoj te jedan od najve\u0107ih plesnih festivala u regiji.\u00a0 Tijekom 40 godina postojanja festival je predstavio preko gotovo 1000 me\u0111unarodno afirmiranih autora, a tako\u0111er sustavno prezentira i producira radove hrvatskih plesnih umjetnika. Festival je pokrenula Mirna \u017dagar, me\u0111unarodno afirmirana plesna producentica. Festival producira udruga Hrvatski institut za pokret i ples (www.danceincroatia.com).<\/span><\/p><p><span style=\"font-weight: 400;\">Ovogodi\u0161nji festival i nadalje promi\u0161lja temu odr\u017eivosti. Za koga se ple\u0161e, tko ple\u0161e, za\u0161to ple\u0161emo, \u010diji je ples?\u00a0\u00a0<\/span><\/p><p><span style=\"font-weight: 400;\">Tijekom svog kontinuiranog trajanja festival je pridonio decentralizaciji i popularizaciji hrvatske plesne scene te je uspostavio mre\u017ee suradnji u zemlji i inozemstvu. Kroz festivalske radionice i odabirom produkcijskih partnera koji se \u010desto nalaze i izvan plesne djelatnosti ples smo uveli\u00a0 u sve pore hrvatske kulturne zajednice; inspirirali smo tako brojne nove i druge inicijative te pridonijeli\u00a0 stasanju generacija plesnih umjetnika koji danas djeluju u Hrvatskoj, ali i me\u0111unarodno. Kroz festivalske inicijative stasale su nove profesije poput: plesne dramaturgije, plesne produkcije i plesne publicistike.\u00a0 Svojim umre\u017eavanjem u me\u0111unarodnoj plesnoj zajednici TSP je bitno pridonio vidljivosti hrvatskih plesnih autora u me\u0111unarodnom kontekstu (17-tak EU projekata, raznolike me\u0111unarodne kulturne razmjene, posebne promotivne akcije: Nizozemska, Njema\u010dka, Italija, Francuska, Danska, \u0160vedska itd).<\/span><\/p><p><span style=\"font-weight: 400;\">2010. godine Predsjednik Republike Hrvatske Stjepan Mesi\u0107, dodijelio je Povelju Predsjednika Republike Hrvatske Tjednu suvremenog plesa za osobite zasluge u razvoju suvremenog plesa u Hrvatskoj.\u00a0<\/span><\/p><p><span style=\"font-weight: 400;\">2017. godine Europska asocijacija Festivala nagradila je Tjedan suvremenog plesa priznanjem EFFE Label (European Festivals for Europe) koju podupire Europska Komisija a za kontinuiranu visoku programsku razinu i doprinos razvoju europskog dru\u0161tva.<\/span><\/p><p><span style=\"font-weight: 400;\">Festival producira udruga Hrvatski institut za pokret i ples (HIPP), koja svojim djelovanjem nastoji razvijati interes za suvremeni ples, te uputiti na potrebu osiguravanja resursa za ples u Hrvatskoj, a kroz me\u0111unarodne projekte povezuje hrvatsku plesnu scenu sa me\u0111unarodnom. HIPP je producirao vi\u0161e europskih projekata\u00a0 a koje je EU komisija ozna\u010dila kao primjerima dobrih praksi. Kroz EU projekte preko 100 hrvatskih umjetnika ali i eksperata iz drugih sektora, imalo je prilike sudjelovati u me\u0111unarodnim projektima diljem Europe.\u00a0<\/span><\/p><p><span style=\"font-weight: 400;\">Povremena izdava\u010dka djelatnost bavi se istra\u017eivanjem plesa: <em>Kaspomanija<\/em> (DVD o radu Komornog ansambla suvremenog plesa i koreografkinje Milane Bro\u0161); <em>Modern Zagre<\/em>b (prva knjiga koja sveobuhvatno prezentira suvremenu umjetni\u010dku praksu u Hrvatskoj u drugoj polovici 20. stolje\u0107a a povodom prezentacije 400 umjetnika\/grupa Danskoj i \u0160vedskoj u okviru pokretanja programa Kulturna prijestolnica Europe);\u00a0 \u00a0 \u00a0<em>Razvoj\u00a0 \u00a0suvremenog\u00a0 \u00a0plesa:\u00a0 \u00a0 Ana Maleti\u0107,\u00a0 \u00a0 \u017eivotopis<\/em>;\u00a0 <em>Korpografije.<\/em><\/span><\/p><p><span style=\"font-weight: 400;\">Hrvatski institut za pokret i ples pokrenuo je inicijativu pokretanja Zagreba\u010dkog plesnog centar te je rukovodio ovim prostorom i udario temelje dana\u0161njem programskom razvoju u periodu od 2006 do 2017.\u00a0<\/span><\/p><p><span style=\"font-weight: 400;\">2023. godine zavr\u0161io je \u00a0dvogodi\u0161nji projekt Empowering Dance 2 \u2013 Soft Skills The Teaching and Learning Approach: \u00a0 <\/span><a href=\"https:\/\/empowering2.communicatingdance.eu\"><span style=\"font-weight: 400;\">https:\/\/empowering2.communicatingdance.eu<\/span><\/a><\/p><p><span style=\"font-weight: 400;\">2023. godine zapo\u010dinje novi trogodi\u0161nji projekt Beyond Front@ Bridging Periphery: \u00a0https:\/\/www.facebook.com\/beyondfronta\/<\/span><\/p><p><span style=\"font-weight: 400;\">2024. godine zapo\u010dinje novi trogodi\u0161nji projekt Moving Balkans https:\/\/www.movingbalkans.eu\u00a0<\/span><\/p><p><span style=\"font-weight: 400;\">HIPP je \u010dlan European DanceHouse Network, europske mre\u017ee plesnih centara i organizacija. <\/span><a href=\"https:\/\/www.ednetwork.eu\"><span style=\"font-weight: 400;\">https:\/\/www.ednetwork.eu<\/span><\/a><\/p><p><strong>Festival 2024:\u00a0<\/strong><\/p><p><span style=\"font-weight: 400;\">Umjetni\u010dka direkcija: Mirna \u017dagar<\/span><\/p><p><span style=\"font-weight: 400;\">Producent: Josip Nalis<\/span><\/p><p><span style=\"font-weight: 400;\">Promid\u017eba i Marketing: Kristina Krtanjek<\/span><\/p><p><span style=\"font-weight: 400;\">Tehni\u010dki direktor Festivala: Bojan Gagi\u0107 \u00a0<\/span><\/p><p><span style=\"font-weight: 400;\">Partneri:\u00a0<\/span><\/p><p><span style=\"font-weight: 400;\">Festival Inkluzivne scene,\u00a0 Rijeka\u00a0<\/span><\/p><p><span style=\"font-weight: 400;\">Zagreba\u010dki plesni centar<\/span><\/p><p>Perforacije festival \u00a0i Udruga Domino\u00a0<\/p><p><span style=\"font-weight: 400;\"><strong>Festival se odr\u017eava uz financijsku potporu:<\/strong>\u00a0<\/span><\/p><p><span style=\"font-weight: 400;\">Ministarstva kulture i medija Republike Hrvatske<\/span><\/p><p><span style=\"font-weight: 400;\">Grad Zagreb: Gradski ured za kulturu i civilno dru\u0161tvo<\/span><\/p><p><span style=\"font-weight: 400;\">Grad Rijeka<\/span><\/p><p><strong>Financijsku potporu gostovanju Cocoon Dance (D):\u00a0<\/strong><b style=\"font-size: 18px; font-style: normal; font-variant-caps: normal; letter-spacing: 0px; text-align: start;\"><span lang=\"EN-US\" style=\"font-size: 11pt; font-family: 'Times New Roman', serif; letter-spacing: 1.3pt;\">NATIONALES PERFORMANCE NETZ International Guest Performance Fund for Dance, which is funded by the Federal Government Commissioner for Culture and the Media<\/span><\/b><\/p>\t\t\t\t\t\t<\/div>\n\t\t\t\t<\/div>\n\t\t\t\t\t<\/div>\n\t\t<\/div>\n\t\t\t\t<div class=\"elementor-column elementor-col-33 elementor-top-column elementor-element elementor-element-0b02731\" data-id=\"0b02731\" data-element_type=\"column\">\n\t\t\t<div class=\"elementor-widget-wrap\">\n\t\t\t\t\t\t\t<\/div>\n\t\t<\/div>\n\t\t\t\t\t<\/div>\n\t\t<\/section>\n\t\t\t\t<section class=\"elementor-section elementor-top-section elementor-element elementor-element-e863268 elementor-section-boxed elementor-section-height-default elementor-section-height-default\" data-id=\"e863268\" data-element_type=\"section\">\n\t\t\t\t\t\t<div class=\"elementor-container elementor-column-gap-default\">\n\t\t\t\t\t<div class=\"elementor-column elementor-col-100 elementor-top-column elementor-element elementor-element-3daf351\" data-id=\"3daf351\" data-element_type=\"column\">\n\t\t\t<div class=\"elementor-widget-wrap elementor-element-populated\">\n\t\t\t\t\t\t\t<\/div>\n\t\t<\/div>\n\t\t\t\t\t<\/div>\n\t\t<\/section>\n\t\t\t\t<section class=\"elementor-section elementor-top-section elementor-element elementor-element-84ed40d elementor-section-boxed elementor-section-height-default elementor-section-height-default\" data-id=\"84ed40d\" data-element_type=\"section\">\n\t\t\t\t\t\t<div class=\"elementor-container elementor-column-gap-default\">\n\t\t\t\t\t<div class=\"elementor-column elementor-col-100 elementor-top-column elementor-element elementor-element-718c951\" data-id=\"718c951\" data-element_type=\"column\">\n\t\t\t<div class=\"elementor-widget-wrap elementor-element-populated\">\n\t\t\t\t\t\t\t<\/div>\n\t\t<\/div>\n\t\t\t\t\t<\/div>\n\t\t<\/section>\n\t\t\t\t<\/div>\n\t\t","protected":false},"excerpt":{"rendered":"<p>O Festivalu Photo: DarjaStravsTisu Tjedan suvremenog plesa\u00a0 (TSP) me\u0111unarodni je festival suvremenog plesa i pokreta s jednom od najduljih tradicija u Europi i u Hrvatskoj te jedan od najve\u0107ih plesnih festivala u regiji.\u00a0 Tijekom 40 godina postojanja festival je predstavio preko gotovo 1000 me\u0111unarodno afirmiranih autora, a tako\u0111er sustavno prezentira i producira radove hrvatskih plesnih [&hellip;]<\/p>\n","protected":false},"author":1,"featured_media":0,"parent":0,"menu_order":0,"comment_status":"closed","ping_status":"closed","template":"elementor_header_footer","meta":{"ocean_post_layout":"","ocean_both_sidebars_style":"","ocean_both_sidebars_content_width":0,"ocean_both_sidebars_sidebars_width":0,"ocean_sidebar":"0","ocean_second_sidebar":"0","ocean_disable_margins":"enable","ocean_add_body_class":"","ocean_shortcode_before_top_bar":"","ocean_shortcode_after_top_bar":"","ocean_shortcode_before_header":"","ocean_shortcode_after_header":"","ocean_has_shortcode":"","ocean_shortcode_after_title":"","ocean_shortcode_before_footer_widgets":"","ocean_shortcode_after_footer_widgets":"","ocean_shortcode_before_footer_bottom":"","ocean_shortcode_after_footer_bottom":"","ocean_display_top_bar":"off","ocean_display_header":"default","ocean_header_style":"","ocean_center_header_left_menu":"0","ocean_custom_header_template":"0","ocean_custom_logo":0,"ocean_custom_retina_logo":0,"ocean_custom_logo_max_width":0,"ocean_custom_logo_tablet_max_width":0,"ocean_custom_logo_mobile_max_width":0,"ocean_custom_logo_max_height":0,"ocean_custom_logo_tablet_max_height":0,"ocean_custom_logo_mobile_max_height":0,"ocean_header_custom_menu":"0","ocean_menu_typo_font_family":"0","ocean_menu_typo_font_subset":"","ocean_menu_typo_font_size":0,"ocean_menu_typo_font_size_tablet":0,"ocean_menu_typo_font_size_mobile":0,"ocean_menu_typo_font_size_unit":"px","ocean_menu_typo_font_weight":"","ocean_menu_typo_font_weight_tablet":"","ocean_menu_typo_font_weight_mobile":"","ocean_menu_typo_transform":"","ocean_menu_typo_transform_tablet":"","ocean_menu_typo_transform_mobile":"","ocean_menu_typo_line_height":0,"ocean_menu_typo_line_height_tablet":0,"ocean_menu_typo_line_height_mobile":0,"ocean_menu_typo_line_height_unit":"","ocean_menu_typo_spacing":0,"ocean_menu_typo_spacing_tablet":0,"ocean_menu_typo_spacing_mobile":0,"ocean_menu_typo_spacing_unit":"","ocean_menu_link_color":"","ocean_menu_link_color_hover":"","ocean_menu_link_color_active":"","ocean_menu_link_background":"","ocean_menu_link_hover_background":"","ocean_menu_link_active_background":"","ocean_menu_social_links_bg":"","ocean_menu_social_hover_links_bg":"","ocean_menu_social_links_color":"","ocean_menu_social_hover_links_color":"","ocean_disable_title":"on","ocean_disable_heading":"default","ocean_post_title":"","ocean_post_subheading":"","ocean_post_title_style":"","ocean_post_title_background_color":"","ocean_post_title_background":0,"ocean_post_title_bg_image_position":"","ocean_post_title_bg_image_attachment":"","ocean_post_title_bg_image_repeat":"","ocean_post_title_bg_image_size":"","ocean_post_title_height":0,"ocean_post_title_bg_overlay":0.5,"ocean_post_title_bg_overlay_color":"","ocean_disable_breadcrumbs":"default","ocean_breadcrumbs_color":"","ocean_breadcrumbs_separator_color":"","ocean_breadcrumbs_links_color":"","ocean_breadcrumbs_links_hover_color":"","ocean_display_footer_widgets":"default","ocean_display_footer_bottom":"default","ocean_custom_footer_template":"0","footnotes":""},"class_list":["post-214","page","type-page","status-publish","hentry","entry"],"_links":{"self":[{"href":"https:\/\/arhiva.danceweekfestival.com\/stari\/wp-json\/wp\/v2\/pages\/214","targetHints":{"allow":["GET"]}}],"collection":[{"href":"https:\/\/arhiva.danceweekfestival.com\/stari\/wp-json\/wp\/v2\/pages"}],"about":[{"href":"https:\/\/arhiva.danceweekfestival.com\/stari\/wp-json\/wp\/v2\/types\/page"}],"author":[{"embeddable":true,"href":"https:\/\/arhiva.danceweekfestival.com\/stari\/wp-json\/wp\/v2\/users\/1"}],"replies":[{"embeddable":true,"href":"https:\/\/arhiva.danceweekfestival.com\/stari\/wp-json\/wp\/v2\/comments?post=214"}],"version-history":[{"count":165,"href":"https:\/\/arhiva.danceweekfestival.com\/stari\/wp-json\/wp\/v2\/pages\/214\/revisions"}],"predecessor-version":[{"id":2871,"href":"https:\/\/arhiva.danceweekfestival.com\/stari\/wp-json\/wp\/v2\/pages\/214\/revisions\/2871"}],"wp:attachment":[{"href":"https:\/\/arhiva.danceweekfestival.com\/stari\/wp-json\/wp\/v2\/media?parent=214"}],"curies":[{"name":"wp","href":"https:\/\/api.w.org\/{rel}","templated":true}]}}